9d0bdb (base 15) in base 5?
-3404321211
-13404640 (base 7) to base 10
-1245412
33323103 (base 5) to base 9
484833
What is -121001222122 (base 3) in base 5?
-40111001
Convert -115644 (base 15) to base 6.
-25430401
101001101111110111 (base 2) to base 3
22200120022
Convert 1346333 (base 8) to base 13.
104033
Convert -32314242 (base 5) to base 16.
-436e5
4c4fd1 (base 16) to base 4
103010333101
Convert 85e286 (base 15) to base 4.
120110220033
What is -10397 (base 14) in base 13?
-14a77
What is 140e171 (base 15) in base 2?
110111001110000110111010
65052 (base 12) to base 16
207fe
-10001000001000100111 (base 2) to base 7
-4511451
What is -22133030 (base 4) in base 13?
-16724
Convert a613b3 (base 13) to base 7.
45016534
Convert 3ada0d (base 15) to base 2.
1010110011000010110001
What is 746236 (base 9) in base 3?
211120021020
What is 3820218 (base 11) in base 3?
110110222021010
What is 33250116 (base 7) in base 15?
3ba23c
Convert 1233251 (base 6) to base 14.
1a50b
What is e042 (base 16) in base 9?
86668
Convert 126555565 (base 7) to base 4.
133111310110
What is -2236316 (base 8) in base 9?
-1122385
Convert 5a4a9a0 (base 11) to base 2.
101000001101100101001100
What is -2a917c (base 15) in base 9?
-3772820
Convert -2eb10d (base 15) to base 10.
-2264863
Convert 1196108 (base 10) to base 8.
4440114
-1634 (base 11) to base 13
-c51
What is 287b (base 14) in base 13?
3352
-101010000220 (base 3) to base 11
-1265a7
What is -3bf6d3 (base 16) in base 12?
-1396243
-136887 (base 10) to base 5
-13340022
What is -110c1a1 (base 13) in base 12?
-18bb712
-78308 (base 13) to base 5
-23434033
Convert d591d (base 16) to base 3.
1122102222022
Convert 261144 (base 9) to base 2.
100110101001101010
What is 441255114 (base 6) in base 14?
109bd0a
3a6a59 (base 11) to base 6
21405303
164752 (base 8) to base 11
40a99
What is -202044 (base 6) in base 15?
-4b27
51467 (base 15) to base 9
432187
Convert 12001020102 (base 3) to base 4.
120033311
4760701 (base 8) to base 3
2110012100102
What is 89332 (base 13) in base 10?
248809
-1ae650 (base 16) to base 6
-101441320
What is -23221222 (base 4) in base 6?
-1004534
What is -152337 (base 13) in base 15?
-a3bd0
Convert 7829cb (base 15) to base 4.
111312310313
-201131101 (base 4) to base 14
-37d29
-101000000111010001101 (base 2) to base 14
-26304d
What is 2245616 (base 8) in base 5?
123443131
4745a8 (base 15) to base 5
1333003113
What is 51124e (base 15) in base 12?
135899b
-17718b (base 14) to base 10
-826263
-101b95 (base 12) to base 7
-2100305
What is -11da2 (base 16) in base 11?
-4aa35
3206062 (base 11) to base 16
562227
Convert 15423412 (base 7) to base 8.
5524374
What is -66b7a (base 15) in base 4?
-1033232332
What is -21012204 (base 6) in base 10?
-608332
-15423346 (base 7) to base 3
-2210110002001
-10110021001002 (base 3) to base 16
-1c0283
-20311122 (base 4) to base 9
-54566
What is -6146 (base 11) in base 13?
-3936
Convert -40ea77 (base 15) to base 8.
-13615410
What is -1321400214 (base 5) in base 15?
-45588e
Convert -969 (base 16) to base 15.
-aa9
Convert 1021101122012 (base 3) to base 15.
d58bb
-100110111202220 (base 3) to base 14
-94cb30
-302311233 (base 4) to base 8
-626557
What is 20eaea (base 16) in base 9?
4047218
What is 2324256 (base 7) in base 8?
1072300
33303023212 (base 4) to base 12
1478a5a
Convert 9749 (base 15) to base 10.
32019
What is 275035 (base 8) in base 16?
17a1d
-12025442 (base 6) to base 13
-10283c
What is -3702313 (base 11) in base 7?
-105532214
-100101101001011011101 (base 2) to base 15
-1957be
1012103001 (base 4) to base 2
1000110010011000001
10111100000001101 (base 2) to base 9
156045
Convert -1007b2 (base 16) to base 7.
-11633550
-323332312 (base 4) to base 5
-30330221
What is 14795a7 (base 11) in base 3?
11202120211000
-115927 (base 12) to base 10
-279535
-430334 (base 6) to base 12
-183aa
-2446313 (base 7) to base 5
-40024340
4042110421 (base 5) to base 4
133020031233
24940c (base 13) to base 14
18b9d9
What is -131021332 (base 4) in base 3?
-20001211001
3022102313 (base 4) to base 15
11579e
Convert 2115501 (base 6) to base 12.
4bb91
Convert -14e073 (base 16) to base 6.
-45154055
What is -390b9 (base 14) in base 2?
-100010001101001011
What is 2210304321 (base 5) in base 7?
55406664
-61948 (base 11) to base 7
-524214
What is -1808082 (base 10) in base 2?
-110111001011011010010
d25f4d (base 16) to base 6
1211300301
Convert -1321321202 (base 4) to base 16.
-79e62
What is -6888121 (base 10) in base 5?
-3230404441
-507c1 (base 13) to base 6
-3031201
20001122221210 (base 3) to base 12
10b42b6
-1123032300 (base 5) to base 7
-30444464
Convert 397759 (base 14) to base 13.
544231
What is 15a35b (base 15) in base 5?
232001021
What is 1738136 (base 9) in base 6?
32444353
Convert 236694 (base 12) to base 9.
1060504
What is 1700061 (base 12) in base 14?
8b0dbb
What is -3673215 (base 10) in base 2?
-1110000000110001111111
-14931b (base 14) to base 4
-2232333331
Convert 30412401 (base 5) to base 3.
110120222200
-202002020220 (base 3) to base 13
-10ac10
-1762746 (base 8) to base 9
-868017
What is -444331 (base 7) in base 9?
-128451
Convert 1703591 (base 11) to base 8.
13047100
Convert 88311 (base 15) to base 7.
3451330
What is 10221212001 (base 3) in base 8?
230110
What is -5563412 (base 8) in base 12?
-604722
Convert 422412423 (base 5) to base 10.
1763488
What is 142304114 (base 5) in base 2?
10110101101101011100
What is 25b77 (base 15) in base 7?
1011634
Convert -34546260 (base 7) to base 13.
-8244a2
Convert 33313031202 (base 4) to base 3.
21211021010100
81896 (base 10) to base 13
2b379
Convert 4d06a (base 14) to base 3.
100121211221
What is -1270d (base 15) in base 12?
-2a157
Convert 3220035 (base 6) to base 11.
a889a
-21671067 (base 8) to base 11
-2708972
Convert 366431 (base 13) to base 3.
2110000002102
Convert 42201432 (base 5) to base 2.
1010101100000100010
10011110000110110101 (base 2) to base 8
2360665
Convert 1220330 (base 4) to base 3.
100012202
What is -1335133 (base 6) in base 8?
-222401
What is -a9b84 (base 12) in base 5?
-24141341
Convert 20110231 (base 5) to base 9.
263511
-3737147 (base 9) to base 7
-23163610
-1003233103 (base 4) to base 15
-57324
What is 4221001 (base 6) in base 9?
342161
What is 2acc0 (base 15) in base 14?
38368
Convert -3371107 (base 9) to base 10.
-1818214
-311300021 (base 4) to base 11
-140464
What is -11044331 (base 5) in base 12?
-48061
Convert 21222230331 (base 4) to base 5.
1122043310
1550213 (base 7) to base 13
7640c
Convert 96480 (base 13) to base 7.
2206056
What is 110010100111111000011 (base 2) in base 16?
194fc3
Convert 100100001010100001111000 (base 2) to base 5.
4411332222
Convert -233244013 (base 5) to base 9.
-2013152
22120040 (base 5) to base 11
1211a0
What is 7878a (base 11) in base 10?
114080
-278461 (base 11) to base 2
-1101010011001001100
Convert 2267807 (base 10) to base 8.
10515237
1011011001011101110011 (base 2) to base 3
12121210121122
Convert 1ba6f (base 16) to base 3.
12202100221
What is 521341303 (base 6) in base 8?
42353347
Convert 203334032 (base 5) to base 11.
524029
-44433030 (base 7) to base 16
-3a98f9
Convert -1724447 (base 9) to base 10.
-961189
4049 (base 11) to base 10
5377
Convert -1133551 (base 6) to base 13.
-20c23
Convert 5a647 (base 13) to base 12.
7bb88
What is -1b1129 (base 13) in base 16?
-a7ef9
-1651610 (base 10) to base 16
-19339a
42530311 (base 6) to base 4
10302220003
Convert 412713 (base 9) to base 8.
736072
What is -3031101210 (base 4) in base 15?
-1191d9
Convert -494aa4 (base 12) to base 13.
-328ac5
-2527427 (base 9) to base 14
-27b9db
Convert 72146 (base 10) to base 7.
420224
Convert -486037 (base 14) to base 10.
-2475137
Convert -15364 (base 8) to base 9.
-10416
What is 51364d (base 14) in base 8?
12341565
What is 3413221 (base 5) in base 9?
101811
Convert -3858774 (base 10) to base 4.
-32232011112
144b21 (base 12) to base 6
11143241
What is -1101110100101101010 (base 2) in base 16?
-6e96a
Convert -a6466a (base 13) to base 15.
-51dc76
Convert -1150816 (base 10) to base 12.
-475b94
What is -1510460 (base 12) in base 5?
-2042022103
-153d9 (base 15) to base 5
-4142004
What is -211211210001 (base 3) in base 10?
-449632
Convert -476287 (base 16) to base 11.
-2705951
What is 4057053 (base 8) in base 12?
438923
What is 4023501 (base 